 v be i(f). Let q be (10 - 4) + v - -2. What is the highest common divisor of 21 and q?
7
Let u = -11 - -53. Let x be (3/(-7))/(-7 + 97/14). What is the greatest common divisor of u and x?
6
Let j(r) = -2*r**2 + 1. Let q be j(1). Let f be 744/120 - q/(-5). What is the highest common divisor of 24 and f?
6
Let t(b) = 64*b**2 + 1. Let f be (-1)/1*(-1 - 2). Suppose -6*l + f = 9. Let m be t(l). What is the highest common divisor of 26 and m?
13
Let s(z) = -z**3 - 13*z**2 + 30*z - 22. Let u be s(-16). What is the highest common divisor of 38 and u?
38
Let b(n) = n**3 + n**2 + n + 3. Suppose -4*v = 2*p - 8, p - 5 + 1 = 5*v. Let o be b(v). Calculate the greatest common factor of o and 21.
3
Let y = -9 - 11. Let g = 20 - y. Let f = 61 + -56. What is the greatest common divisor of g and f?
5
Suppose -12*x + 8*x = -640. Calculate the highest common divisor of 64 and x.
32
Let j = 22 - 11. Let m be (30/18)/(2/(-30)). Let a = 8 - m. Calculate the highest common factor of j and a.
11
Let u be 1/(0 + 1/118) + 1. Let q be u*(-2)/(-8) - 3/(-12). What is the highest common factor of 75 and q?
15
Let q(a) = -34*a**2 - 516*a - 10. Let p be q(-15). What is the greatest common divisor of p and 140?
20
Let i = 45 - 23. Let k = -7 - -9. Suppose -3*b + x = -95, -k*b + x = -0*x - 62. What is the highest common factor of i and b?
11
Let z(n) = -n**2 + 8*n - 11. Let j be z(5). Suppose -j*o + 48 = -0*o. Calculate the highest common factor of 12 and o.
12
Let q = -19 + 41. Calculate the highest common factor of 22 and q.
22
Suppose -5*j + 3*a + 751 = 0, 5*a = 3*j + 2*a - 447. Calculate the highest common divisor of 19 and j.
19
Let o = 17 + -7. Suppose 4*r + 5*c - 51 = -o, -34 = -4*r + 2*c. Let z be (24 + 4)*1 + -1. What is the greatest common factor of z and r?
9
Let c = 579 - 275. What is the highest common factor of 38 and c?
38
Let z = 94 - 65. Let h be (-4)/(-18) - z/9. Let o be -6*(h + 60/(-8)). Calculate the greatest common divisor of o and 21.
21
Let g = 863 - 856. Let p = -10 - -38. What is the greatest common divisor of p and g?
7
Let t(z) = 7*z**2 + 57*z + 2. Let o be t(20). Calculate the highest common factor of o and 146.
146
Let x = 311 - 551. Let g be 4/(-6) + x/(-9). What is the highest common divisor of g and 130?
26
Let l be (-45)/(-12)*4*2. Let u be -6 + (3/3 - -2). Let i(t) = -t**2 - 11*t - 4. Let c be i(u). Calculate the highest common divisor of l and c.
10
Suppose -2*l = 4*u - 7*u + 55, -80 = -5*u + l. Calculate the highest common divisor of 10 and u.
5
Suppose 39 = 5*a + 9. Suppose -n + a*n = 40. What is the greatest common divisor of 72 and n?
8
Let f = 28 + -25. Suppose f*w - 3*r = -2*w + 121, 0 = w + 3*r - 17. What is the greatest common factor of 207 and w?
23
Suppose -3*x - 13 + 229 = 0. Let t = x + -50. What is the greatest common factor of t and 66?
22
Suppose 4*p + 2 - 6 = 0. Let c = 314 - 305. Calculate the highest common factor of p and c.
1
Suppose 0 = -6*g - 47 + 143. What is the greatest common factor of g and 112?
16
Let o = -63 + 76. Suppose 0 = -o*i + 16*i - 48. What is the highest common factor of 24 and i?
8
Let g be (-1)/(-3) - 238/(-51). Suppose -5 = 5*k, -g*h - 2*k = k - 12. What is the greatest common divisor of 24 and h?
3
Suppose -831*k - 264 = -833*k. Calculate the greatest common factor of k and 96.
12
Suppose -1787 - 193 = -45*s. Suppose n - 63 = 3. What is the greatest common divisor of s and n?
22
Let p(w) = w**2 + 4*w. Let b be p(-4). Suppose 2*m - 7*m + 1280 = b. Calculate the greatest common factor of m and 32.
32
Let p be (-7)/(28/(-36))*16/6. Suppose 22*c + 44 = p*c. Suppose 5*y = 2*j + 16, 5*j + 4*y = y + 22. Calculate the greatest common factor of c and j.
2
Let w(o) = o**2 - 3*o. Let g be w(5). Let x(t) = 3*t - 23. Let d be x(g). Let m = 39 - d. Calculate the highest common divisor of 256 and m.
32
Let r(l) = 0*l + 2*l**3 - 2*l - 10 + 2*l**2 + 12*l**2 + 0*l. Let c be r(-7). Calculate the highest common factor of 32 and c.
4
Let i be (-5 - -2206)*11/11. What is the greatest common divisor of i and 31?
31
Let n(h) = -2*h + 9 - 9 - 6*h. Let z be n(-8). Calculate the greatest common divisor of z and 96.
32
Suppose 4*g + 15 = 43. Let i be 4/g - (-7 - 942/42). Calculate the highest common divisor of i and 12.
6
Suppose -35 = -4*a + 3*w, 3*a + 2*w - 4*w - 26 = 0. Suppose 0 + 6 = 2*s. Let l be (s + 3)/(6/4). Calculate the highest common factor of a and l.
4
Let y = 73 + -51. What is the highest common factor of 209 and y?
11
Suppose -2*u + 630 = 7*u. What is the highest common divisor of u and 238?
14
Suppose 0 = x + 10 - 38. Suppose 0 = 5*d - 3*i - 365, -4*i = -5*d + 261 + 109. Calculate the greatest common divisor of x and d.
14
Let i(n) = -2*n**3 + 5*n + 4. Let y be i(-3). Suppose -2*p + 13 = -y. Let r(d) = 124*d + 4. Let u be r(2). What is the highest common divisor of u and p?
28
Let z = 15 + 23. Suppose -v - 3*c + 23 = 0, -7*v - 5*c + 127 = -3*v. What is the highest common divisor of v and z?
38
Let s = -44 - -49. Let l(b) = b**2 - 11. Let k be l(s). Calculate the greatest common factor of 28 and k.
14
Let j(k) = 3*k**2 - 20*k - 4. Let h(l) = l**2 - l. Let s(m) = -h(m) + j(m). Let t be s(16). What is the highest common divisor of 12 and t?
12
Suppose -112 = -5*c + 4*n - 0*n, 2*c + n = 50. Calculate the greatest common factor of c and 30.
6
Let f(h) = -h**3 - 43*h**2 - 121*h + 58. Let j be f(-40). Calculate the greatest common divisor of j and 42.
14
Let j(r) = r + 10. Let t be j(-10). Let g be 117*1*(1 + t). Let w be 3*72/16 - 1/2. Calculate the highest common factor of g and w.
13
Let y(c) = -17*c - 7. Let z be y(-2). Let o = 35 - z. What is the greatest common factor of 4 and o?
4
Suppose -3*a - 1 = -v + 3, 4*a = 8. Suppose -v*i + 616 = -8*i. Calculate the greatest common factor of i and 44.
44
Suppose -11*u = -1440 - 144. What is the highest common factor of 36 and u?
36
Suppose 5*o - 4*x - 38 = 0, -2*x = 4*o - x - 22. Suppose 5*w - 13 = 3*k, 9*w = 4*k + 10*w - 21. Calculate the highest common divisor of k and o.
2
Suppose -108 - 4 = -4*h. What is the highest common factor of h and 126?
14
Let n be ((-22)/3)/((-14)/21). Suppose -580 = -n*r + 7*r. Calculate the greatest common divisor of r and 58.
29
Let g(z) = -z**3 + 16*z**2 + 2*z - 24. Let d = 40 - 24. Let c be g(d). Calculate the greatest common divisor of c and 1.
1
Let d(b) = 2*b**2 - b. Let m be d(-1). Let j(o) = -5*o**3 + 0*o + o - 7*o**m - o**3. Let w be j(-1). Calculate the greatest common factor of w and 72.
12
Let d be -18*(6/(-16))/(3/4). Calculate the highest common factor of 18 and d.
9
Let n(v) = -v + 22. Let y be n(11). Let b be 3/(-2)*(9 - y). Suppose u = -3*u - c + 180, -b*u + 5*c + 112 = 0. Calculate the highest common divisor of u and 66.
22
Let r(d) = d + 17. Let b be r(-5). Let z(p) = 3*p - 2. Let q be z(2). Calculate the greatest common factor of b and q.
4
Let l be ((-2)/(-3))/(((-12)/27)/2). Let t be 7 + -4 + l*2 - -81. Calculate the highest common divisor of 26 and t.
26
Suppose -2*a + 144 = a. Calculate the greatest common factor of 80 and a.
16
Let k(o) = o**3 + 27*o**2 - 4*o - 38. Let m be k(-27). Let h = 3 - -4. Suppose h = z - 3. Calculate the highest common factor of z and m.
10
Let v = 629 + -615. What is the highest common factor of 812 and v?
14
Suppose -5*l + 50 = -270. Calculate the highest common factor of 224 and l.
32
Let x be -1 - 36*(-1 + -2). Suppose 5*a + 312 = x. Let k = 64 + a. What is the greatest common divisor of 69 and k?
23
Let x = 1177 - 705. What is the greatest common divisor of x and 8?
8
Let f(h) = h**3 + 3*h**2 - 3*h - 1. Let g be f(-6). Let d = 133 + g. Let l be -1*1 + 107 + -1. Calculate the highest common factor of d and l.
21
Let j = -912 + 1362. Calculate the highest common divisor of 200 and j.
50
Suppose 0 = 11*t + 9*t - 280. Calculate the highest common factor of t and 686.
14
Let v be (127 - 7)*2/4. Suppose -z + 0*s + v = -4*s, -4*s = -3*z + 204. Let q be (2/1)/(2/9). What is the greatest common factor of z and q?
9
Let h = 663 + -463. Suppose -r - h = -6*r. Suppose -24 = -5*s + 3*g + g, -r = -4*s - 2*g. Calculate the greatest common divisor of s and 16.
8
Let p be (-6)/1*2/(-6). Suppose 5*f - 255 = p*d, 2*d - 10 = 4*d. What is the highest common factor of 7 and f?
7
Let i be (-7)/(-3)*(4 + 